{"id":5567,"date":"2011-12-12T14:04:27","date_gmt":"2011-12-12T14:04:27","guid":{"rendered":"http:\/\/brainlabs.com.ar\/novedad\/?page_id=5567"},"modified":"2012-05-21T18:18:24","modified_gmt":"2012-05-21T18:18:24","slug":"nosotros","status":"publish","type":"page","link":"https:\/\/www.brainlabs.com\/novedad\/nosotros\/","title":{"rendered":"Nosotros"},"content":{"rendered":"<h2><strong>Perfil de la empresa:<\/strong><\/h2>\n<h4>Nuestros proyectos tienen un claro objetivo, el de ayudar a la empresa a abaratar costos usando para ello la tecnolog\u00eda como herramienta de productividad.<\/h4>\n<h4><span style=\"color: #be2c30;\">Nuestro compromiso con el cliente est\u00e1 en superar su expectativa de servicio, en hacer que las IT a\u00f1adan valor a su negocio. Trabajamos d\u00eda a d\u00eda para ofrecer las Soluciones Tecnol\u00f3gicas m\u00e1s innovadoras<\/span><\/h4>\n<h2><strong>Misi\u00f3n:<\/strong><\/h2>\n<p>Estamos comprometido en facilitar la adquisici\u00f3n de conocimientos, habilidades y tecnolog\u00eda necesarios para que la adopci\u00f3n temprana de nuevas tecnolog\u00edas cumpla con los objetivos de negocio planteados y asegure los beneficios de la inversi\u00f3n realizada.<\/p>\n<p style=\"text-align: center;\"><img fetchpriority=\"high\" decoding=\"async\" class=\" wp-image-5847 aligncenter\" title=\"grafico_brainlabs\" src=\"http:\/\/www.brainlabs.com.ar\/novedad\/wp-content\/uploads\/2011\/12\/grafico_brainlabs.jpg\" alt=\"\" width=\"486\" height=\"479\" srcset=\"https:\/\/www.brainlabs.com\/novedad\/wp-content\/uploads\/2011\/12\/grafico_brainlabs.jpg 540w, https:\/\/www.brainlabs.com\/novedad\/wp-content\/uploads\/2011\/12\/grafico_brainlabs-300x295.jpg 300w, https:\/\/www.brainlabs.com\/novedad\/wp-content\/uploads\/2011\/12\/grafico_brainlabs-53x53.jpg 53w, https:\/\/www.brainlabs.com\/novedad\/wp-content\/uploads\/2011\/12\/grafico_brainlabs-58x56.jpg 58w\" sizes=\"(max-width: 486px) 100vw, 486px\" \/><\/p>\n<h2><strong>\u00c1reas en las que ofrecemos servicios y nos especializamos:<\/strong><\/h2>\n<ul>\n<li>Soporte t\u00e9cnico de equipos<\/li>\n<li>Venta de equipos y software<\/li>\n<li>Dise\u00f1o y actualizaci\u00f3n de Websites<\/li>\n<li>Gesti\u00f3n de servicios y activos IT<\/li>\n<li>Reingenier\u00eda de Procesos<\/li>\n<li>Oficina de Proyectos (PMO)<\/li>\n<li>Reducci\u00f3n de Costos<\/li>\n<li>Auditoria y Seguridad IT<\/li>\n<li>Firma y Certificados Digitales<\/li>\n<li>Webhosting, espacio para su sitio y mails<\/li>\n<li>Redacci\u00f3n y correcci\u00f3n de contenidos Web<\/li>\n<li>Auditorias para su Website<\/li>\n<li>Posicionamiento en buscadores y campa\u00f1as de Newsletters<\/li>\n<li>Migraci\u00f3n y mantenimiento de Base de Datos<\/li>\n<li>Redes (VPN, Wifi, Cableadas) y Telefon\u00eda VoIP\/IP<\/li>\n<li>Laboratorio propio de reparaciones<\/li>\n<li>Mantenimiento por medio de Abonos y monitoreo de servidores<\/li>\n<li>Alquiler y prestamos para abonados, de equipos para contingencias<\/li>\n<\/ul>\n<p>Tambi\u00e9n contamos con una amplia gama de Soluciones de Software, algunas para entornos Web y otros para escritorio. Adem\u00e1s de un software factory. Algunos de ellos:<\/p>\n<h2><strong>En Sistema Web:<\/strong><\/h2>\n<ul>\n<li>Portal de noticias<\/li>\n<li>Comunicaci\u00f3n Interna<\/li>\n<li>E-Commerce<\/li>\n<li>Helpdesk<\/li>\n<li>Requerimientos<\/li>\n<li>Administraci\u00f3n de contenidos<\/li>\n<li>Business Intelligence (tablero de comando)<\/li>\n<li>Indicadores de Desempe\u00f1o<\/li>\n<li>Real States (inmobiliario)<\/li>\n<li>Colaboraci\u00f3n (Para trabajo en grupos)<\/li>\n<li>Plataforma de EmailMarketin (Campa\u00f1as, Newsletters)<\/li>\n<li>Sistema de Gesti\u00f3n para la Salud<\/li>\n<\/ul>\n<h2><strong>En Sistema de Escritorio:<\/strong><\/h2>\n<ul>\n<li>ARION::POINT (Punto de Ventas)<\/li>\n<li>ARION::PMS (Hoteler\u00eda)<\/li>\n<li>Gesti\u00f3n Administrativa y Contable<\/li>\n<li>Firma Digital para e-mails<\/li>\n<li>ARION::BANQUETS (Sistema integral de gesti\u00f3n de Eventos y Banquetes)<\/li>\n<li>ARION::SPA (Sistema Integral de gesti\u00f3n de SPA)<\/li>\n<li>ARION::SCORING (Sistema de\u00a0Recompensas\u00a0o de Puntos)<\/li>\n<\/ul>\n","protected":false},"excerpt":{"rendered":"<p>Perfil de la empresa: Nuestros proyectos tienen un claro objetivo, el de ayudar a la&#8230;<\/p>\n","protected":false},"author":1,"featured_media":0,"parent":0,"menu_order":0,"comment_status":"open","ping_status":"closed","template":"","meta":{"footnotes":""},"class_list":["post-5567","page","type-page","status-publish","hentry"],"_links":{"self":[{"href":"https:\/\/www.brainlabs.com\/novedad\/wp-json\/wp\/v2\/pages\/5567","targetHints":{"allow":["GET"]}}],"collection":[{"href":"https:\/\/www.brainlabs.com\/novedad\/wp-json\/wp\/v2\/pages"}],"about":[{"href":"https:\/\/www.brainlabs.com\/novedad\/wp-json\/wp\/v2\/types\/page"}],"author":[{"embeddable":true,"href":"https:\/\/www.brainlabs.com\/novedad\/wp-json\/wp\/v2\/users\/1"}],"replies":[{"embeddable":true,"href":"https:\/\/www.brainlabs.com\/novedad\/wp-json\/wp\/v2\/comments?post=5567"}],"version-history":[{"count":5,"href":"https:\/\/www.brainlabs.com\/novedad\/wp-json\/wp\/v2\/pages\/5567\/revisions"}],"predecessor-version":[{"id":5806,"href":"https:\/\/www.brainlabs.com\/novedad\/wp-json\/wp\/v2\/pages\/5567\/revisions\/5806"}],"wp:attachment":[{"href":"https:\/\/www.brainlabs.com\/novedad\/wp-json\/wp\/v2\/media?parent=5567"}],"curies":[{"name":"wp","href":"https:\/\/api.w.org\/{rel}","templated":true}]}}